{"id":66,"date":"2019-05-23T13:33:20","date_gmt":"2019-05-23T16:33:20","guid":{"rendered":"https:\/\/andradasodontologia.com.br\/?page_id=66"},"modified":"2024-01-23T06:42:27","modified_gmt":"2024-01-23T09:42:27","slug":"pagina-inicial-2","status":"publish","type":"page","link":"https:\/\/andradasodontologia.com.br\/index.php\/pagina-inicial-2\/","title":{"rendered":"P\u00e1gina inicial"},"content":{"rendered":"<p>Bem-vindo(a) ao seu site! Est\u00e1 \u00e9 sua p\u00e1gina inicial, que \u00e9 a p\u00e1gina que a maioria dos visitantes vai ver quando acessarem o seu site pela primeira<a href=\"https:\/\/jksupport.nl\/chaussure-c%C3%A9r%C3%A9monie-femme-confortable-k.html\"><strong>chaussure c\u00e9r\u00e9monie femme confortable<\/strong><\/a> <a href=\"https:\/\/kissavie.fi\/gucci-gg0061s-003-Chile-k.html\"><strong>gucci gg0061s 003 Chile<\/strong><\/a> <a href=\"http:\/\/clinicakarinaperez.com\/max-mara-cube-coat-k.html\"><strong>max mara cube coat<\/strong><\/a> <a href=\"https:\/\/www.iyeezyboostv2.com\/yeezy-day-sneakers\/\"><strong>yeezy march 2022<\/strong><\/a> <a href=\"https:\/\/www.borsalamilanesa.com\/\"><strong>la milanesa borse nuova collezione 2023<\/strong><\/a> <a href=\"https:\/\/monprosante.com\/chaqueta-hombre-nike-sportswear-down-fill-windrunner-Chile-k.html\"><strong>chaqueta hombre nike sportswear down fill windrunner Chile<\/strong><\/a> <a href=\"http:\/\/ar-team.eu\/zapatos-adidas-altos-para-mujer-k.html\"><strong>zapatos adidas altos para mujer<\/strong><\/a> <a href=\"https:\/\/dev2.ritotest.co.za\/tally-weijl-shorts-k.html\"><strong>tally weijl shorts<\/strong><\/a> <a href=\"https:\/\/www.nikeairjordan1sale.com\/air-jordan-4\/\"><strong>air jordan 4 military black<\/strong><\/a> <a href=\"https:\/\/ryandeblismd.com\/porte-manteau-canac-k.html\"><strong>porte manteau canac<\/strong><\/a> <a href=\"https:\/\/mail.bkintbd.com\/jakne-champion-k.html\"><strong>jakne champion<\/strong><\/a> <a href=\"http:\/\/promecindustrial.com.mx\/nike-ads-2018-k.html\"><strong>nike ads 2018<\/strong><\/a> <a href=\"http:\/\/gepetto-bois.fr\/ikea-p%C3%B3%C5%82ka-drewniana-k.html\"><strong>ikea p\u00f3\u0142ka drewniana<\/strong><\/a> <a href=\"http:\/\/fercomsistemi.it\/vestito-lungo-con-bretelle-k.html\"><strong>vestito lungo con bretelle<\/strong><\/a> <a href=\"https:\/\/www.daysrelax.com\/\"><strong>schubladen organizer<\/strong><\/a> vez.<\/p>\n","protected":false},"excerpt":{"rendered":"<p>Bem-vindo(a) ao seu site! Est\u00e1 \u00e9 sua p\u00e1gina inicial, que \u00e9 a p\u00e1gina que a maioria dos visitantes vai ver quando acessarem o seu site pela primeirachaussure c\u00e9r\u00e9monie femme confortable gucci gg0061s 003 Chile max mara cube coat yeezy march<\/p>\n","protected":false},"author":1,"featured_media":0,"parent":0,"menu_order":0,"comment_status":"closed","ping_status":"closed","template":"page-templates\/business.php","meta":{"footnotes":""},"class_list":["post-66","page","type-page","status-publish","hentry"],"_links":{"self":[{"href":"https:\/\/andradasodontologia.com.br\/index.php\/wp-json\/wp\/v2\/pages\/66"}],"collection":[{"href":"https:\/\/andradasodontologia.com.br\/index.php\/wp-json\/wp\/v2\/pages"}],"about":[{"href":"https:\/\/andradasodontologia.com.br\/index.php\/wp-json\/wp\/v2\/types\/page"}],"author":[{"embeddable":true,"href":"https:\/\/andradasodontologia.com.br\/index.php\/wp-json\/wp\/v2\/users\/1"}],"replies":[{"embeddable":true,"href":"https:\/\/andradasodontologia.com.br\/index.php\/wp-json\/wp\/v2\/comments?post=66"}],"version-history":[{"count":2,"href":"https:\/\/andradasodontologia.com.br\/index.php\/wp-json\/wp\/v2\/pages\/66\/revisions"}],"predecessor-version":[{"id":14008,"href":"https:\/\/andradasodontologia.com.br\/index.php\/wp-json\/wp\/v2\/pages\/66\/revisions\/14008"}],"wp:attachment":[{"href":"https:\/\/andradasodontologia.com.br\/index.php\/wp-json\/wp\/v2\/media?parent=66"}],"curies":[{"name":"wp","href":"https:\/\/api.w.org\/{rel}","templated":true}]}}